{"id":135,"date":"2019-03-18T08:36:28","date_gmt":"2019-03-18T08:36:28","guid":{"rendered":"http:\/\/wordpress.sbw1870.de\/?page_id=135"},"modified":"2025-02-05T18:24:11","modified_gmt":"2025-02-05T18:24:11","slug":"kontakt","status":"publish","type":"page","link":"https:\/\/wordpress.sbw1870.de\/?page_id=135","title":{"rendered":"Kontakt"},"content":{"rendered":"\n<h4 class=\"has-text-align-center\">Sch\u00fctzenhalle<br> Sch\u00fctzenbruderschaft St. Antonius Waldhausen 1870 e.V.  <\/h4>\n\n\n\n<p class=\"has-text-align-center\">St. Antonius-Str. 13<br>59581 Warstein-Waldhausen <br>mail: kontakt(at)sbw1870.de<\/p>\n\n\n\n<h4 class=\"has-text-align-center\">1. Vorsitzender<\/h4>\n\n\n\n<p class=\"has-text-align-center\">Andr\u00e9 Kramer<br>Schlaaweg 11<br>59 58 1 Warstein-Waldhausen<br>mail: oberst(at)sbw1870.de<\/p>\n\n\n\n<h4 class=\"has-text-align-center\">2. Vorsitzender<\/h4>\n\n\n\n<p class=\"has-text-align-center\">Karsten Strugholtz<br>Brunnenweg 8<br>59 58 1 Warstein-Waldhausen<br>mail: hauptmann(at)sbw1870.de<\/p>\n\n\n\n<h4 class=\"has-text-align-center\">Gesch\u00e4ftsf\u00fchrer<\/h4>\n\n\n\n<p class=\"has-text-align-center\">Christian Asshoff<br>St. Agatha-Stra\u00dfe 5<br>59 58 1 Warstein-Waldhausen<br>mail: geschaeftsfuehrer(at)sbw1870.de<\/p>\n\n\n\n<p><\/p>\n\n\n\n<p><\/p>\n\n\n\n<p><\/p>\n\n\n\n<div class=\"wp-block-contact-form-7-contact-form-selector\">\n<div class=\"wpcf7 no-js\" id=\"wpcf7-f819-o1\" lang=\"de-DE\" dir=\"ltr\">\n<div class=\"screen-reader-response\"><p role=\"status\" aria-live=\"polite\" aria-atomic=\"true\"><\/p> <ul><\/ul><\/div>\n<form action=\"\/index.php?rest_route=%2Fwp%2Fv2%2Fpages%2F135#wpcf7-f819-o1\" method=\"post\" class=\"wpcf7-form init wpcf7-acceptance-as-validation\" aria-label=\"Kontaktformular\" novalidate=\"novalidate\" data-status=\"init\">\n<div style=\"display: none;\">\n<input type=\"hidden\" name=\"_wpcf7\" value=\"819\" \/>\n<input type=\"hidden\" name=\"_wpcf7_version\" value=\"5.7.4\" \/>\n<input type=\"hidden\" name=\"_wpcf7_locale\" value=\"de_DE\" \/>\n<input type=\"hidden\" name=\"_wpcf7_unit_tag\" value=\"wpcf7-f819-o1\" \/>\n<input type=\"hidden\" name=\"_wpcf7_container_post\" value=\"0\" \/>\n<input type=\"hidden\" name=\"_wpcf7_posted_data_hash\" value=\"\" \/>\n<input type=\"hidden\" name=\"_wpcf7_recaptcha_response\" value=\"\" \/>\n<\/div>\n<p><span style=\"font-size: 24px;\">Bitte f\u00fclle das Formular vollst\u00e4ndig aus.<\/span><br \/>\n<br \/>\n<span class=\"wpcf7-form-control-wrap\" data-name=\"your-name\"><input size=\"40\" class=\"wpcf7-form-control wpcf7-text wpcf7-validates-as-required\" aria-required=\"true\" aria-invalid=\"false\" placeholder=\"Name, Vorname (Pflichtfeld)\" value=\"\" type=\"text\" name=\"your-name\" \/><\/span>\n<\/p>\n<p><span class=\"wpcf7-form-control-wrap\" data-name=\"your-email\"><input size=\"40\" class=\"wpcf7-form-control wpcf7-text wpcf7-email wpcf7-validates-as-required wpcf7-validates-as-email\" aria-required=\"true\" aria-invalid=\"false\" placeholder=\"Deine E-Mail (Pflichtfeld)\" value=\"\" type=\"email\" name=\"your-email\" \/><\/span>\n<\/p>\n<p><span class=\"wpcf7-form-control-wrap\" data-name=\"your-phone\"><input size=\"40\" class=\"wpcf7-form-control wpcf7-text\" aria-invalid=\"false\" placeholder=\"DeineTelefonnummer\" value=\"\" type=\"text\" name=\"your-phone\" \/><\/span>\n<\/p>\n<p><span class=\"wpcf7-form-control-wrap\" data-name=\"your-subject\"><input size=\"40\" class=\"wpcf7-form-control wpcf7-text\" aria-invalid=\"false\" placeholder=\"Betreff\" value=\"\" type=\"text\" name=\"your-subject\" \/><\/span>\n<\/p>\n<p><span class=\"wpcf7-form-control-wrap\" data-name=\"your-message\"><textarea cols=\"40\" rows=\"10\" class=\"wpcf7-form-control wpcf7-textarea\" aria-invalid=\"false\" placeholder=\"Deine Nachricht\" name=\"your-message\"><\/textarea><\/span>\n<\/p>\n<div class=\"wpcf7-response-output\" aria-hidden=\"true\"><\/div>\n<p><span class=\"wpcf7-form-control-wrap\" data-name=\"zustimmung\"><span class=\"wpcf7-form-control wpcf7-acceptance\"><span class=\"wpcf7-list-item\"><label><input type=\"checkbox\" name=\"zustimmung\" value=\"1\" aria-invalid=\"false\" \/><span class=\"wpcf7-list-item-label\">Ich habe die <a href=\"\/?page_id=159\/\">Datenschutzerkl\u00e4rung<\/a> zur Kenntnis genommen und akzeptiert.\nIch stimme zu, dass meine Formularangaben zur Kontaktaufnahme bzw. zur Bearbeitung meines Anliegens gespeichert werden.<\/span><\/label><\/span><\/span><\/span>\n<\/p>\n<p><input class=\"wpcf7-form-control has-spinner wpcf7-submit\" type=\"submit\" value=\"Senden\" \/>\n<\/p>\n<\/form>\n<\/div>\n<\/div>\n","protected":false},"excerpt":{"rendered":"<p>Sch\u00fctzenhalle Sch\u00fctzenbruderschaft St. Antonius Waldhausen 1870 e.V. St. Antonius-Str. 1359581 Warstein-Waldhausen mail: kontakt(at)sbw1870.de 1. Vorsitzender Andr\u00e9 KramerSchlaaweg 1159 58 1 Warstein-Waldhausenmail: oberst(at)sbw1870.de 2. Vorsitzender Karsten StrugholtzBrunnenweg 859 58 1 Warstein-Waldhausenmail: hauptmann(at)sbw1870.de Gesch\u00e4ftsf\u00fchrer Christian AsshoffSt. Agatha-Stra\u00dfe 559 58 1 Warstein-Waldhausenmail: geschaeftsfuehrer(at)sbw1870.de<\/p>\n","protected":false},"author":1,"featured_media":0,"parent":0,"menu_order":0,"comment_status":"closed","ping_status":"closed","template":"","meta":[],"_links":{"self":[{"href":"https:\/\/wordpress.sbw1870.de\/index.php?rest_route=\/wp\/v2\/pages\/135"}],"collection":[{"href":"https:\/\/wordpress.sbw1870.de\/index.php?rest_route=\/wp\/v2\/pages"}],"about":[{"href":"https:\/\/wordpress.sbw1870.de\/index.php?rest_route=\/wp\/v2\/types\/page"}],"author":[{"embeddable":true,"href":"https:\/\/wordpress.sbw1870.de\/index.php?rest_route=\/wp\/v2\/users\/1"}],"replies":[{"embeddable":true,"href":"https:\/\/wordpress.sbw1870.de\/index.php?rest_route=%2Fwp%2Fv2%2Fcomments&post=135"}],"version-history":[{"count":11,"href":"https:\/\/wordpress.sbw1870.de\/index.php?rest_route=\/wp\/v2\/pages\/135\/revisions"}],"predecessor-version":[{"id":1138,"href":"https:\/\/wordpress.sbw1870.de\/index.php?rest_route=\/wp\/v2\/pages\/135\/revisions\/1138"}],"wp:attachment":[{"href":"https:\/\/wordpress.sbw1870.de\/index.php?rest_route=%2Fwp%2Fv2%2Fmedia&parent=135"}],"curies":[{"name":"wp","href":"https:\/\/api.w.org\/{rel}","templated":true}]}}