{"id":19,"date":"2019-03-15T11:14:35","date_gmt":"2019-03-15T11:14:35","guid":{"rendered":"http:\/\/wordpress.sbw1870.de\/?page_id=19"},"modified":"2026-03-22T06:09:44","modified_gmt":"2026-03-22T06:09:44","slug":"der-verein","status":"publish","type":"page","link":"https:\/\/wordpress.sbw1870.de\/?page_id=19","title":{"rendered":"\u00dcber uns"},"content":{"rendered":"\n<h2>Der Vorstand<\/h2>\n\n\n<div class=\"wp-block-image\">\n<figure class=\"aligncenter is-resized\"><img decoding=\"async\" loading=\"lazy\" src=\"http:\/\/wordpress.sbw1870.de\/wp-content\/uploads\/2019\/03\/Wappen_SBW_Original-1.jpg\" alt=\"\" class=\"wp-image-595\" width=\"332\" height=\"140\" srcset=\"https:\/\/wordpress.sbw1870.de\/wp-content\/uploads\/2019\/03\/Wappen_SBW_Original-1.jpg 663w, https:\/\/wordpress.sbw1870.de\/wp-content\/uploads\/2019\/03\/Wappen_SBW_Original-1-300x127.jpg 300w\" sizes=\"(max-width: 332px) 100vw, 332px\" \/><\/figure><\/div>\n\n\n<figure class=\"wp-block-table is-style-stripes\"><table class=\"has-fixed-layout\"><tbody><tr><td><em>Oberst<\/em><\/td><td>Andr\u00e9 Kramer<\/td><\/tr><tr><td><em>Hauptmann<\/em><\/td><td>Karsten Strugholtz<\/td><\/tr><tr><td><em>Gesch\u00e4ftsf\u00fchrer<\/em><\/td><td>Jan Henke<\/td><\/tr><tr><td><\/td><td><\/td><\/tr><tr><td><em>Adjutant<\/em><\/td><td>Sven Bret&#8217;l<\/td><\/tr><tr><td><\/td><td><\/td><\/tr><tr><td><em>K\u00f6nigsoffiziere<\/em><\/td><td>Marcel Beele<\/td><\/tr><tr><td><\/td><td>Jens Alfermann<\/td><\/tr><tr><td><\/td><td><\/td><\/tr><tr><td><em>Fahnenoffiziere 1. Fahne<\/em><\/td><td>Christoph Ku\u00dfmann<\/td><\/tr><tr><td><\/td><td>Florian Schmitz<\/td><\/tr><tr><td><\/td><td>Bastian Bredenbeck<\/td><\/tr><tr><td><\/td><td><\/td><\/tr><tr><td><em>Fahnenoffiziere 2. Fahne                      <\/em><\/td><td>Marius Bredenbeck                               <\/td><\/tr><tr><td><\/td><td>Jannis Bret\u00b4l<\/td><\/tr><tr><td><\/td><td>Erik Henke<\/td><\/tr><tr><td><\/td><td><\/td><\/tr><tr><td><em>Ehrenoberst<\/em><\/td><td>Heinz Kramer<br>Dietmar Beele<\/td><\/tr><\/tbody><\/table><\/figure>\n","protected":false},"excerpt":{"rendered":"<p>Der Vorstand Oberst Andr\u00e9 Kramer Hauptmann Karsten Strugholtz Gesch\u00e4ftsf\u00fchrer Jan Henke Adjutant Sven Bret&#8217;l K\u00f6nigsoffiziere Marcel Beele Jens Alfermann Fahnenoffiziere 1. Fahne Christoph Ku\u00dfmann Florian Schmitz Bastian Bredenbeck Fahnenoffiziere 2. Fahne Marius Bredenbeck Jannis Bret\u00b4l Erik Henke Ehrenoberst Heinz KramerDietmar &hellip; <a href=\"https:\/\/wordpress.sbw1870.de\/?page_id=19\">Weiterlesen <span class=\"meta-nav\">&rarr;<\/span><\/a><\/p>\n","protected":false},"author":1,"featured_media":0,"parent":0,"menu_order":0,"comment_status":"closed","ping_status":"closed","template":"","meta":[],"_links":{"self":[{"href":"https:\/\/wordpress.sbw1870.de\/index.php?rest_route=\/wp\/v2\/pages\/19"}],"collection":[{"href":"https:\/\/wordpress.sbw1870.de\/index.php?rest_route=\/wp\/v2\/pages"}],"about":[{"href":"https:\/\/wordpress.sbw1870.de\/index.php?rest_route=\/wp\/v2\/types\/page"}],"author":[{"embeddable":true,"href":"https:\/\/wordpress.sbw1870.de\/index.php?rest_route=\/wp\/v2\/users\/1"}],"replies":[{"embeddable":true,"href":"https:\/\/wordpress.sbw1870.de\/index.php?rest_route=%2Fwp%2Fv2%2Fcomments&post=19"}],"version-history":[{"count":28,"href":"https:\/\/wordpress.sbw1870.de\/index.php?rest_route=\/wp\/v2\/pages\/19\/revisions"}],"predecessor-version":[{"id":1260,"href":"https:\/\/wordpress.sbw1870.de\/index.php?rest_route=\/wp\/v2\/pages\/19\/revisions\/1260"}],"wp:attachment":[{"href":"https:\/\/wordpress.sbw1870.de\/index.php?rest_route=%2Fwp%2Fv2%2Fmedia&parent=19"}],"curies":[{"name":"wp","href":"https:\/\/api.w.org\/{rel}","templated":true}]}}